{"id":60,"date":"2025-03-22T11:20:51","date_gmt":"2025-03-22T14:20:51","guid":{"rendered":"https:\/\/skysup.com.br\/one-page-express\/"},"modified":"2025-08-25T21:17:59","modified_gmt":"2025-08-26T00:17:59","slug":"one-page-express","status":"publish","type":"page","link":"https:\/\/skysup.com.br\/","title":{"rendered":"Front Page"},"content":{"rendered":"<div  id=\"detalhes\" style=\"background-color: #ffffff;\" data-label=\"Detalhes\" data-id=\"stripped-coloured-icon-boxes\" data-category=\"overlapable\" class=\"features-coloured-icon-boxes-section\" data-overlap=\"true\"> <div  class=\"gridContainer\"> <div  class=\"features-coloured-icon-boxes-innerrow flexbox-list dark-text\" data-type=\"row\"> <div  class=\"features-coloured-icon-boxes-featurecol cp3cols\"> <div  class=\"features-coloured-icon-boxes-iconcontainer\" data-content-item-container=\"true\"> <i  data-cp-fa=\"true\" class=\"features-coloured-icon fa fa-life-saver\"><\/i> <\/div> <h4  class=\"\">Colete salva vidas<\/h4> <p  class=\"\">Em todas nossas atividades disponibilizamos coletes salva vidas para todos os participantes.\n<br >segura sempre em primeiro lugar.<\/p> <a  class=\"features-coloured-button\" href=\"https:\/\/wa.me\/+5521995576635?text=Ol%C3%A1%20gostaria%20de%20agendar\" target=\"_self\">agende j\u00e1<\/a> <\/div> <div  class=\"features-coloured-icon-boxes-featurecol cp3cols\"> <div  class=\"features-coloured-icon-boxes-iconcontainer\" data-content-item-container=\"true\"> <i  data-cp-fa=\"true\" class=\"features-coloured-icon fa fa-cloud\"><\/i> <\/div> <h4  class=\"\">Tempo<\/h4> <p  class=\"\">Nossas atividades sempre s\u00e3o realizadas com condi\u00e7\u00f5es clim\u00e1ticas favor\u00e1veis a pratica do esporte<\/p> <a  class=\"features-coloured-button\" href=\"https:\/\/wa.me\/+5521995576635?text=Ol%C3%A1%20gostaria%20de%20agendar\" target=\"_self\">agende j\u00e1<\/a> <\/div> <div  class=\"features-coloured-icon-boxes-featurecol cp3cols\"> <div  class=\"features-coloured-icon-boxes-iconcontainer\" data-content-item-container=\"true\"> <i  data-cp-fa=\"true\" class=\"features-coloured-icon fa fa-film\"><\/i> <\/div> <h4  class=\"\">Grava\u00e7\u00e3o<\/h4> <p  class=\"\">Sempre que poss\u00edvel nossas atividades s\u00e3o filmadas e fotografadas por drone e voc\u00ea nada paga nada a mais por isso.<\/p> <a  class=\"features-coloured-button\" href=\"#\" target=\"_self\">Visualizar<\/a> <\/div> <div  class=\"features-coloured-icon-boxes-featurecol cp3cols\"> <div  class=\"features-coloured-icon-boxes-iconcontainer\" data-content-item-container=\"true\"> <i  data-cp-fa=\"true\" class=\"features-coloured-icon fa fa-pie-chart\"><\/i> <\/div> <h4  class=\"\">Sorteios<\/h4> <p  class=\"\">Siga-nos em nossas redes socias para participar de incr\u00edveis sorteios todas as semanas. n\u00e3o perca essa oportunidade<\/p> <a  class=\"features-coloured-button\" href=\"https:\/\/www.instagram.com\/skysupofc\" target=\"_self\">Participe<\/a> <\/div> <\/div> <\/div><\/div><div  id=\"team-1\" style=\"background-color: #ffffff;\" data-label=\"Team\" data-id=\"team-colors-section\" data-category=\"team\" class=\"team-colors-section\"> <div  class=\"gridContainer\"> <div  class=\"team-colors-textcol dynamic-color\"> <h2 ><\/h2> <p  class=\"\"><\/p> <\/div> <div  class=\"team-colors-membersrow dark-text\" data-type=\"row\"> <div  class=\"team-colors-membercol cp3cols cp6cols-tablet\"> <div  class=\"team-colors-membercard\"> <div  class=\"team-colors-background\"><\/div> <div  class=\"team-colors-memberinfo\" data-type=\"column\"><img  decoding=\"async\" class=\"team-colors-memberimg\" data-size=\"500x500\" height=\"175\" src=\"https:\/\/skysup.com.br\/wp-content\/plugins\/one-page-express-companion\/theme-data\/one-page-express\/sections\/images\/face7.jpg\"> <h4  class=\"team-colors-membername\">Thiago Augusto<\/h4> <p  class=\"team-colors-memberposition\">Co-founder &amp; CEO<\/p> <p  class=\"\"><\/p> <hr  class=\"team-colors-separator\"> <\/div> <div  class=\"team-colors-membericons\" data-type=\"group\"> <a  href=\"https:\/\/www.instagram.com\/skysupofc?utm_source=ig_web_button_share_sheet&amp;igsh=ZDNlZDc0MzIxNw\" target=\"_self\"><i  data-cp-fa=\"true\" class=\"team-colors-icon fa fa-instagram\"><\/i><\/a> <a  href=\"https:\/\/www.tiktok.com\/@skysupofc\" target=\"_self\"><i  data-cp-fa=\"true\" class=\"fa team-colors-icon fa-extra-tiktok\"><\/i><\/a> <a  href=\"#\" target=\"_self\"><i  data-cp-fa=\"true\" class=\"fa team-colors-icon fa-dribbble\"><\/i><\/a> <\/div> <\/div> <\/div> <div  class=\"team-colors-membercol cp3cols cp6cols-tablet\"> <div  class=\"team-colors-membercard\"> <div  class=\"team-colors-background\"><\/div> <div  class=\"team-colors-memberinfo\" data-type=\"column\"><img  decoding=\"async\" class=\"team-colors-memberimg\" data-size=\"500x500\" src=\"https:\/\/skysup.com.br\/wp-content\/uploads\/2025\/08\/cropped-Captura-de-tela-2025-08-25-211302.png\" alt=\"\"> <h4  class=\"team-colors-membername\">Willian Dodd<\/h4> <p  class=\"team-colors-memberposition\">Co-founder &amp; COO<\/p> <p  class=\"\"><\/p> <hr  class=\"team-colors-separator\"> <\/div> <div  class=\"team-colors-membericons\" data-type=\"group\"> <a  href=\"https:\/\/www.instagram.com\/skysupofc?utm_source=ig_web_button_share_sheet&amp;igsh=ZDNlZDc0MzIxNw\" target=\"_self\"><i  data-cp-fa=\"true\" class=\"team-colors-icon fa fa-instagram\"><\/i><\/a> <a  href=\"https:\/\/www.tiktok.com\/@skysupofc\" target=\"_self\"><i  data-cp-fa=\"true\" class=\"fa team-colors-icon fa-extra-tiktok\"><\/i><\/a> <a  href=\"#\" target=\"_self\"><i  data-cp-fa=\"true\" class=\"fa team-colors-icon fa-dribbble\"><\/i><\/a> <\/div> <\/div> <\/div>   <\/div> <\/div><\/div>","protected":false},"excerpt":{"rendered":"<p>Colete salva vidas Em todas nossas atividades disponibilizamos coletes salva vidas para todos os participantes. segura sempre em primeiro lugar. agende j\u00e1 Tempo Nossas atividades sempre s\u00e3o realizadas com condi\u00e7\u00f5es clim\u00e1ticas favor\u00e1veis a pratica do esporte agende j\u00e1 Grava\u00e7\u00e3o Sempre que poss\u00edvel nossas atividades s\u00e3o filmadas e fotografadas por drone e voc\u00ea nada paga nada&hellip; <br \/> <a class=\"button small blue\" href=\"https:\/\/skysup.com.br\/?p=1\">Leia mais<\/a><\/p>\n","protected":false},"author":1,"featured_media":0,"parent":0,"menu_order":0,"comment_status":"closed","ping_status":"closed","template":"","meta":{"footnotes":""},"class_list":["post-60","page","type-page","status-publish","hentry"],"_links":{"self":[{"href":"https:\/\/skysup.com.br\/index.php?rest_route=\/wp\/v2\/pages\/60","targetHints":{"allow":["GET"]}}],"collection":[{"href":"https:\/\/skysup.com.br\/index.php?rest_route=\/wp\/v2\/pages"}],"about":[{"href":"https:\/\/skysup.com.br\/index.php?rest_route=\/wp\/v2\/types\/page"}],"author":[{"embeddable":true,"href":"https:\/\/skysup.com.br\/index.php?rest_route=\/wp\/v2\/users\/1"}],"replies":[{"embeddable":true,"href":"https:\/\/skysup.com.br\/index.php?rest_route=%2Fwp%2Fv2%2Fcomments&post=60"}],"version-history":[{"count":20,"href":"https:\/\/skysup.com.br\/index.php?rest_route=\/wp\/v2\/pages\/60\/revisions"}],"predecessor-version":[{"id":131,"href":"https:\/\/skysup.com.br\/index.php?rest_route=\/wp\/v2\/pages\/60\/revisions\/131"}],"wp:attachment":[{"href":"https:\/\/skysup.com.br\/index.php?rest_route=%2Fwp%2Fv2%2Fmedia&parent=60"}],"curies":[{"name":"wp","href":"https:\/\/api.w.org\/{rel}","templated":true}]}}